w + 7303. Give p(30).
-1787
Let r(a) = 2*a**3 - 6*a**2 - 2178*a + 8680. Determine r(4).
0
Let x(r) = r**3 + 28*r**2 + 153*r + 6. What is x(-21)?
-120
Let c(r) = -4*r**2 - 1488*r + 7497. Calculate c(5).
-43
Let a(j) = -3*j**3 - 528*j**2 + 3818*j - 14. Determine a(7).
-189
Let t(o) = 4*o**3 - 3680*o**2 - 48514*o - 1903. Determine t(933).
-37
Let h(q) = -464*q + 23306. Calculate h(50).
106
Let c(h) = -6788*h - 9. What is c(0)?
-9
Let q(l) = -204*l - 3186. Calculate q(-16).
78
Let a(p) = -2403*p + 1054925. Determine a(439).
8
Let n(d) = -32*d**2 + 7945*d - 63578. Give n(240).
22
Let h(f) = -f**3 - 185*f**2 - 6095*f + 305. Calculate h(-43).
-168
Let w(n) = -976793*n + 4883942. Give w(5).
-23
Let c(o) = 99*o - 779. Determine c(7).
-86
Let k(d) = 20881*d + 13906754. Determine k(-666).
8
Let s(g) = -5499*g + 148456. Give s(27).
-17
Let u(i) = i**3 + 121*i**2 + 955*i + 131437. What is u(-122)?
43
Let c(k) = -190*k - 21525. Calculate c(-116).
515
Let g(x) = 385*x - 16437. Give g(36).
-2577
Let j(s) = s**3 - 27*s**2 - 59*s + 235. What is j(26)?
-1975
Let s(k) = -153119*k - 2603023. Give s(-17).
0
Let z(q) = -375009*q + 15000354. Give z(40).
-6
Let q(l) = l**3 - 91*l**2 + 257*l + 44782. What is q(81)?
-11
Let s(z) = -129*z - 1860. What is s(-13)?
-183
Let t(m) = 205*m - 884. What is t(3)?
-269
Let o(c) = 2*c**3 + 608*c**2 + 3619*c - 11. What is o(-6)?
-269
Let i(p) = p**2 + 237*p - 153649. Determine i(-528).
-1
Let n(q) = q**3 - 4*q**2 - 44*q + 435. Calculate n(11).
798
Let q(t) = -18300*t + 146406. Give q(8).
6
Let t(x) = -3*x**2 + 1199*x + 59062. Calculate t(444).
10
Let s(m) = 5*m**2 + 2930*m + 59504. Give s(-20).
2904
Let j(k) = 24217*k + 145229. What is j(-6)?
-73
Let p(c) = 5*c**2 - 136*c - 615. Calculate p(-6).
381
Let h(r) = r**3 + 71*r**2 + 5*r + 464. Determine h(-71).
109
Let l(o) = -o**3 - 1262*o**2 + 40346*o + 340061. Calculate l(-1293).
2
Let v(m) = m**3 - 170*m**2 + 124*m - 21082. Calculate v(170).
-2
Let n(d) = -1406*d + 12463. Determine n(9).
-191
Let u(f) = -f**3 - 80*f**2 - 285*f + 1475. Determine u(-76).
31
Let l(r) = -1046*r**2 - 43933*r - 48. Determine l(-42).
-6
Let o(c) = 13313*c**2 - 106514*c + 68. Calculate o(8).
-12
Let r(y) = -2*y**3 + 277*y**2 - 396*y - 3195. What is r(137)?
-1140
Let w(t) = 1945*t + 377333. What is w(-194)?
3
Let y(i) = -17710*i + 70160. Determine y(4).
-680
Let w(a) = a**3 + 43*a**2 + 73425*a + 3157276. Determine w(-43).
1
Let c(l) = l**3 + 28*l**2 - 169*l - 2127. Calculate c(-32).
-815
Let l(c) = -8*c**3 + 38*c**2 + 391*c - 55. Determine l(-5).
-60
Let t(g) = 6167*g**2 + 61652*g - 13. Determine t(-10).
167
Let t(d) = 156*d**2 + 3272*d - 77. Calculate t(-21).
7
Let k(b) = -20*b**2 - 74*b + 187. Calculate k(3).
-215
Let k(p) = 3917*p + 35242. Determine k(-9).
-11
Let d(r) = -4*r**2 - 39*r + 810. Give d(-23).
-409
Let y(r) = r**2 + 130*r + 345. Calculate y(-96).
-2919
Let k(g) = g**2 + 592*g + 35168. What is k(-525)?
-7
Let f(c) = 736*c**3 + 5*c**2 + 187*c - 188. Calculate f(1).
740
Let h(s) = 10019*s + 39911. What is h(-4)?
-165
Let i(f) = 3651*f + 105795. What is i(-29)?
-84
Let a(h) = -15835*h + 204486. What is a(13)?
-1369
Let h(m) = 14*m**3 - 80*m**2 + 290*m - 178. Give h(3).
350
Let f(c) = c**2 - 4574*c + 1714748. Give f(412).
4
Let a(p) = 37074*p - 6562099. Give a(177).
-1
Let q(z) = 1749*z**3 + 3*z**2 - 4*z + 2. Calculate q(1).
1750
Let i(a) = -a**2 - 493*a + 12481. Give i(24).
73
Let w(j) = 45*j - 8135. Calculate w(217).
1630
Let i(f) = -f**2 - 2222*f + 270121. Calculate i(115).
1366
Let t(d) = 1804*d - 61295. What is t(34)?
41
Let s(k) = 21765*k - 9424246. Calculate s(433).
-1
Let a(b) = 1155*b + 2499. Give a(-2).
189
Let q(s) = -3*s**2 + 403*s + 309. What is q(135)?
39
Let q(b) = 3*b**2 + 9478*b + 37859. Calculate q(-4).
-5
Let i(w) = 15*w**2 + 1892*w + 14273. Give i(-118).
-123
Let c(r) = r**3 - 125*r**2 + 2883*r + 963. Determine c(31).
2
Let b(t) = 11*t**3 - 87*t**2 - 368*t - 59. Calculate b(11).
7
Let c(l) = -l**3 - 2335*l**2 + 49477*l - 17. What is c(21)?
4
Let u(x) = -535*x - 78065. Determine u(-146).
45
Let m(t) = 21*t**3 - 376*t**2 + 327*t + 48. Calculate m(1).
20
Let y(v) = 5*v**2 + 427*v + 854. Calculate y(-2).
20
Let q(g) = g**2 - 20031*g + 799673. Calculate q(40).
33
Let s(v) = -22*v**2 - 248*v - 36. Determine s(-9).
414
Let j(k) = 6943*k - 69357. Determine j(10).
73
Let z(v) = 628*v + 11112. Calculate z(-18).
-192
Let x(r) = -r**2 + 843*r - 163578. What is x(305)?
512
Let g(a) = 21827*a + 567506. Give g(-26).
4
Let z(q) = -59*q + 8206. Calculate z(140).
-54
Let z(b) = 2*b**3 + 25*b**2 - b + 13. Determine z(-12).
169
Let w(t) = 2*t**3 - 88*t**2 - 14512*t + 534. Give w(-66).
6
Let a(l) = -l**2 + 302*l + 8864. Calculate a(-27).
-19
Let m(v) = 461*v + 111194. Determine m(-241).
93
Let l(u) = -u**3 - 16*u**2 + 22*u + 946. What is l(-21)?
2689
Let x(b) = -7*b**2 - 87. Calculate x(17).
-2110
Let l(u) = 9*u**2 - 273*u + 1959. Calculate l(12).
-21
Let y(d) = -46258*d - 4024466. Give y(-87).
-20
Let w(y) = -6336*y - 133046. Determine w(-21).
10
Let n(p) = p**3 - 207*p**2 - 775*p + 117933. Calculate n(208).
-3
Let s(l) = 491175*l + 491189. What is s(-1)?
14
Let k(o) = o**3 - 187*o**2 + 5424*o - 15804. What is k(152)?
4
Let m(c) = 11313*c - 67981. What is m(6)?
-103
Let v(o) = 696*o + 69375. Give v(-100).
-225
Let v(f) = -942*f + 106189. Calculate v(112).
685
Let y(c) = -384*c + 2090. What is y(5)?
170
Let w(u) = 3*u**2 - 393*u + 4415. What is w(12)?
131
Let x(p) = 2*p**3 - 64*p**2 - 37*p + 3068. Give x(31).
-1
Let a(j) = 1969*j + 29538. What is a(-15)?
3
Let y(h) = -5*h**3 - 147*h**2 - 700*h - 1. Calculate y(-6).
-13
Let x(c) = 3*c**2 - 128*c + 692. Calculate x(40).
372
Let i(c) = -36*c**2 - 10050*c + 40783. Determine i(4).
7
Let d(r) = 11365*r + 250027. Calculate d(-22).
-3
Let t(o) = -o**3 + 127533*o**2 - o - 6. Give t(0).
-6
Let p(y) = -40410*y - 80820. Calculate p(-2).
0
Let t(l) = 148*l + 5051. What is t(-34)?
19
Let j(k) = 1114*k - 10023. Determine j(9).
3
Let k(l) = -5484*l + 10918. Calculate k(2).
-50
Let i(c) = 11*c**2 + 1909*c + 5694. Give i(-3).
66
Let c(o) = 2*o**3 - 69*o**2 + 202*o + 171. Determine c(31).
-294
Let m(f) = -3*f**2 + 138659*f + 693377. What is m(-5)?
7
Let r(y) = 224*y + 5243. Determine r(-26).
-581
Let l(k) = k**3 + 657*k**2 - 8703*k + 4688. Calculate l(-670).
-2
Let o(u) = 287*u**2 - 193*u - 193. Calculate o(-1).
287
Let o(c) = c**2 - 173*c + 7510. Calculate o(105).
370
Let m(w) = -w**3 + 326*w**2 - 2548*w + 896. Calculate m(318).
-376
Let t(p) = -p**3 + 8*p**2 + 3*p - 136. Calculate t(11).
-466
Let q(w) = w**3 + 290*w**2 - 3304*w + 303. Determine q(-301).
-1804
Let u(h) = h**3 + 38*h**2 - 6331*h - 258885. Determine u(-42).
-39
Let x(t) = -t**3 + 214*t**2 + 1066*t - 41982. Give x(218).
310
Let d(q) = 88931*q + 355717. Calculate d(-4).
-7
Let a(i) = -i**2 + 77*i - 1449. Give a(24).
-177
Let b(q) = q**2 - 2384*q + 206493. Calculate b(90).
33
Let q(r) = r**3 - 40*r**2 - 293*r + 185. What is q(-7)?
-67
Let u(y) = 14*y**2 - 2117*y + 434. Calculate u(151).
-19
Let k(h) = -h**3 + 70*h**2 + 50*h + 1402. Calculate k(71).
-89
Let n(w) = 3*w**3 - 256*w**2 + 121*w - 4713. Determine n(85).
-1653
Let b(v) = -5*v**3 + 44*v**2 - 110*v + 29. Give b(7).
-300
Let q(t) = -t**3 + 495*t**2 - 1002*t + 7875. Give q(493).
-13
Let l(d) = -2*d**3 - 30*d**2 - 1744*d - 26164. Calculate l(-15).
-4
Let g(v) = 3*v**3 - 2124*v**2 + 6341*v + 2869. Determine g(705).
49
Let a(u) = -1643*u**2 + 110081*u + 2. What is a(67)?
2
Let y(o) = -300*o + 64463. Calculate y(215).
-37
Let q(x) = -x**3 + 130*x**2 - 1377*x - 4599. Give q(118).
3
Let h(y) = -y**2 + 2350*y - 41991. What is h(18)?
-15
Let m(y) = -8347*y + 158390. Determine m(19).
-203
Let i(r) = -r**3 + 136*r**2 - 3372*r + 28828. Calculate i(107).
45
Let f(d) = 2*d**2 + 498*d + 9558. Give f(-228).
-18
Let o(c) = 446*c + 43162. Give o(-98).
-546
Let w(d) = 1271*d - 113114. What is w(89)?
5
Let q(w) = 2*w**3 + 47*w**2 + 63*w + 1180. Determine q(-25).
-2270
Let g(v) = 64*v**3 + 4797*v**2 - 251*v - 1956. Determine g(-75).
-6
Let o(m) = -1842*m + 10894. What is o(6)?
-158
Let l(q) = q**3 - 2*q**2 + 67*q + 47. Calculate l(0).
47
Let j(f) = -45454*f - 636345. Determine j(-14).
11
Let v(j) = -j**3 + 917*j**2 + 6490*j - 5951326. Calculate v(917).
4
Let j(g) = -